ndreds digit of o?
8
Let r = 34 - 17. Let q = r - 12. Suppose -q*z - 5*x + 45 = -z, -3*x = z - 6. What is the units digit of z?
5
Let u = -181 + 326. Let v = -79 + u. What is the tens digit of v?
6
What is the units digit of 9 + -28 + 10 - -980?
1
Let k = 168 - -31. Suppose 0*d - u = 3*d - 273, -5*u = -2*d + k. What is the units digit of d?
2
Let p be (-1797)/(-5) + (-18)/(-30). Let l be p - -1 - (-8)/(-4). Suppose -5*g = 5*q - 4*g - 351, -g - l = -5*q. What is the tens digit of q?
7
Let h = 13 + -11. Suppose h*n + 8 = -0*n. What is the units digit of (4/n)/((-1)/23)?
3
Suppose 2*l + 24 = 330. Let a = l + 116. What is the units digit of a?
9
Suppose -3*w = c - 18, 14*w = 16*w + 3*c - 5. Let l(n) be the third derivative of n**5/60 - n**4/6 - n**3/2 - n**2. What is the units digit of l(w)?
8
What is the thousands digit of (-2470)/7*(-12)/(-36)*-21?
2
Suppose w - 20 = 6*w, 14 = -2*y - 4*w. Let g be 1/3*(y + -10). Let l = 18 + g. What is the tens digit of l?
1
Let y(k) = -2*k**3 - 63*k**2 + 48*k - 31. What is the tens digit of y(-33)?
5
Let v(k) be the first derivative of 1 - 1/4*k**4 + 5*k + 2*k**3 - 7/2*k**2. What is the units digit of v(4)?
9
Let w(j) = 15*j**2 + 55*j - 362. What is the tens digit of w(6)?
0
Suppose -32*o = -38*o + 2136. What is the tens digit of o?
5
Let x(h) = -h**3 - 5*h**2 + 4. Let l(r) = -2*r**3 - 10*r**2 - r + 8. Let m(v) = -2*l(v) + 5*x(v). Let k be (-3 - -3) + 12/(-2). What is the tens digit of m(k)?
2
Let w be (30/(-9))/5*-12. Suppose -5*c + c + w = 0. What is the units digit of (-2 + c - -1)*19?
9
Let g(a) = 9*a**3 - a - 20*a**3 + 10*a**3 - 6 - 3*a - 10*a**2. What is the units digit of g(-10)?
4
Suppose -5*p = -25, 3*x + 0*x = -3*p + 1074. Let q = -125 + x. What is the hundreds digit of q?
2
Let p(r) = -r**2 - 14*r + 18. Let d be p(-15). Let l = d + -8. What is the units digit of ((-16)/l)/((-6)/(-15))?
8
Let t(r) = 4*r - 35. Let u be t(9). What is the units digit of (u - -197)*(-15 + 16)?
8
Suppose h = 34 + 20. What is the units digit of 2664/h + 4/6?
0
Suppose 4*a = -2*t + 30, -5*t - 3*a = -62 + 22. Suppose t*k + 5*p + 65 = 0, -2*k + 29 = -4*k + p. What is the tens digit of k/(-35) - (-166)/10?
1
Let m be (12/3)/((-2)/(-24)) + 3. Suppose x = 2*r + m, -2*r = 4*x + 150 - 374. What is the units digit of x?
5
Let a = -50 + 55. Suppose -270 = a*w - 1665. What is the hundreds digit of w?
2
Let x(p) be the third derivative of p**5/60 - p**4/6 + 2*p**3/3 - p**2. Let z be x(4). Suppose 2*a + 2*h - 22 = 28, 4*a - 60 = z*h. What is the tens digit of a?
2
Suppose -16*l = -8*l - 2664. Suppose 0 = 7*w - 38 - l. What is the units digit of w?
3
Suppose 0 = -2*v - 3*m + 1257, 4*m - 4 = 8. What is the tens digit of v?
2
Let t(b) = -183*b - 474. What is the tens digit of t(-7)?
0
Suppose 5*a - a + 88 = 0. Let b = -21 - a. What is the units digit of 4/((-21)/24 + b)?
2
Let c be (-2 - -4) + 0 + 0. Suppose 2*p = -o + 3, -6*p - 15 = -5*o - c*p. Suppose 96 = o*g - 4*m, 3*g - 36 = -m + 75. What is the units digit of g?
6
Let l(z) = z**2 - 3*z - 2. Let s be l(7). Let o = s - 23. Suppose -260 = -2*b - o*b. What is the tens digit of b?
5
Let u(f) = 1989*f**2 - 7*f + 3. What is the thousands digit of u(1)?
1
Suppose 13 = 2*o - 1. Let v(j) = -j**3 + 7*j**2 - 9*j + 3. Let b be v(o). What is the tens digit of (b/9)/((-10)/45)?
3
Let u(q) = -6*q + 5. Let n(t) = -5*t + 5. Let p(l) = 7*n(l) - 6*u(l). Let c be p(-2). Suppose c*w = 3*g - 54, 20 = -4*g + w + 104. What is the units digit of g?
2
Let m = 1 + -1. Suppose m*w = w - 50. Suppose -i + 6*i - w = 0. What is the units digit of i?
0
Suppose -32*l + 31*l = 3*a - 539, a = -1. What is the hundreds digit of l?
5
Let p = -731 - -2148. What is the units digit of p?
7
Suppose -3*d = -29 - 256. Suppose -62 = -4*y + 3*a + 35, 5*a - d = -5*y. What is the units digit of y?
2
Let p = -270 + 416. What is the tens digit of p?
4
Let n(m) = 2*m - m**2 + 5*m + 0*m**2 + 81 - 83. What is the units digit of n(5)?
8
Let m(t) = -t**2 + 19*t - 19*t - 2*t**3 - 2*t**2. Let h be m(-2). Suppose 7*f = 2*f - 3*b + 164, -f + 43 = h*b. What is the tens digit of f?
3
Let z be 46 + -48 + 0 + 4. Suppose 3*r - s - 4 = 0, 5*s - 34 = -r - 2*r. Suppose 5*y - 16 = z*u, -y = -r*u - 2*u - 17. What is the units digit of y?
2
Suppose 3*a = 7*a - 184. Suppose -49*r + a*r = -831. What is the units digit of r?
7
Suppose -2*x + 7*x = 0. Suppose x = c + 4*c - 275. What is the units digit of c?
5
Let w be 900/54*3/2. Suppose -b + h = 4, -8*b + w = -3*b + 4*h. What is the units digit of 4 + 9/b + 0?
3
Let h(a) = 7*a + 7. Let f be h(-1). Suppose -3*z = o + 2*o - 372, -4*o - 3*z + 493 = f. What is the units digit of o?
1
Suppose 12*r - 29570 + 5714 = 0. What is the units digit of r?
8
What is the thousands digit of 20/(-8) + 34835/10?
3
Let o(p) = 6*p**2 + 2*p + 2. Let w = 47 + -45. What is the units digit of o(w)?
0
Let k = -910 + 1665. What is the tens digit of k?
5
Let t(x) = 17*x - 1. Let f be t(2). Let v = -27 + f. Let o(p) = -3*p**2 + 20*p + 2. What is the tens digit of o(v)?
1
Suppose -3*n = -5*n + 4. Suppose -5*l = 5*w - 474 + 124, n*l = w + 134. What is the units digit of l?
8
What is the units digit of ((-270)/25)/(((-4)/(-1))/(-20))?
4
Let t be (-9)/(-21) + (-18)/(-7). Suppose 26 = t*j - 115. What is the units digit of j?
7
Let a be (1/2)/(-1)*-6. Suppose r = -a*p - 26, 4*r + p + 54 = -p. Let w = r - -15. What is the units digit of w?
4
Suppose j + 337 = 4*b + 4720, -5*b + 4401 = j. What is the thousands digit of j?
4
Suppose -90*y + 93*y - 2775 = 0. What is the units digit of y?
5
What is the tens digit of (-297)/(-36) + -8 - 25574/(-8)?
9
Suppose n - 211 = 3*q + 132, -2*n + 5*q + 683 = 0. What is the units digit of n?
4
Let u = -248 - -558. Let r = 594 - u. What is the units digit of r/12 + 1/3?
4
Let c(u) = -220*u - 482. What is the thousands digit of c(-11)?
1
Let b be 1/(5/(-265)*1). Let v = b + 105. What is the tens digit of v?
5
Suppose -d = 5*a - 0*d - 29, -5*d = -20. Suppose 4*i + 32 = a*i. What is the tens digit of i?
3
Suppose 5*f + 2*r - 2 - 458 = 0, -2*f + 160 = -4*r. Suppose -2*w + f + 76 = 0. What is the units digit of w?
3
Let p = 19 - 16. Suppose -7 = -p*x + 17. Suppose -8*d = -10*d + x. What is the units digit of d?
4
Let z(a) be the third derivative of -a**7/1008 - a**6/144 - a**5/60 + 5*a**2. Let f(c) be the third derivative of z(c). What is the units digit of f(-4)?
5
Let c = 682 - 453. Let x = c + -137. What is the tens digit of x?
9
Let s(w) = -w**3 - 9*w**2 + 15*w + 22. Let d be s(-13). Let b = d - 354. What is the hundreds digit of b?
1
Suppose -3*j = 2*r + 2, -r + 6 = j - 3*j. Suppose 4*v = -3*i + 114, 0*i - r*i = v - 71. What is the tens digit of i?
3
Let v = 4381 - 2924. What is the thousands digit of v?
1
Let s(k) = 18*k**3 - 7*k**2 - 9*k + 10. What is the tens digit of s(4)?
1
Let n be 1/((-7)/(-3)) + 68/119. What is the tens digit of (-1840)/(-15) + (1/3)/n?
2
Suppose -13*c = -12*c + 5*p - 641, -4*p = 8. What is the hundreds digit of c?
6
Let d(g) = -2*g**3 + 7*g**2 + 9*g - 4. Let o(m) = 5*m**3 - 20*m**2 - 27*m + 12. Let j(x) = 8*d(x) + 3*o(x). What is the units digit of j(-5)?
4
What is the units digit of 5 + 831/3 - 2?
0
Let g = 49 + -47. What is the units digit of g/((8/242)/2)?
1
What is the tens digit of 0 + (189 - (4 + 2))?
8
Suppose 5568 = 125*w - 119*w. What is the units digit of w?
8
Suppose -4016 = -31*c + 11856. What is the hundreds digit of c?
5
Suppose 4*g + 36 = 52. Let w = 20 - g. What is the units digit of w?
6
Suppose 72*l + 247 = 91*l. What is the units digit of l?
3
Let w(r) = 9*r - 87. What is the units digit of w(13)?
0
Suppose -k = 2*k - 12. Suppose 2*s = -4*f + 8, 5*f + 4*s - 7 = 3. Suppose 0 = -2*n - f*n + k*i - 8, -5*n - i + 20 = 0. What is the units digit of n?
3
What is the tens digit of (-9)/6*(-4012)/6?
0
What is the tens digit of (0 - 19)*(-6 + -12 - -16)?
3
Let u(x) = 7*x**2 + 12*x - 10. What is the thousands digit of u(15)?
1
Suppose -2*u - 3*u + 510 = 0. Suppose m - u = 58. Suppose -5*w + 184 = g, -5*g = -4*w - w + m. What is the units digit of w?
6
Suppose 0 = 6*u - 2*u - 24. Let z(x) = 5*x**2 - 9*x + 2. What is the units digit of z(u)?
8
Let k = 131 + -139. Let s(b) be the third derivative of -b**5/60 - 11*b**4/24 - 5*b**3/3 + b**2. What is the units digit of s(k)?
4
